{"id":338,"date":"2024-01-28T14:53:14","date_gmt":"2024-01-28T13:53:14","guid":{"rendered":"https:\/\/www.lisaerneuerbareenergien.de\/?page_id=338"},"modified":"2026-03-23T16:53:23","modified_gmt":"2026-03-23T15:53:23","slug":"nutzungsentgelte","status":"publish","type":"page","link":"https:\/\/www.lisaerneuerbareenergien.de\/?page_id=338","title":{"rendered":"Entgeltordnung"},"content":{"rendered":"\n<p class=\"wp-block-paragraph\">V3.0 &#8211; Stand 05.03.2026<\/p>\n\n\n\n<p class=\"wp-block-paragraph\"><\/p>\n\n\n\n<figure class=\"wp-block-table is-style-stripes\"><table><tbody><tr><td><strong>Nutzungsentgelte<sup><sup>1<\/sup>&nbsp;&nbsp;<sup>2<\/sup><\/sup><\/strong><\/td><td><\/td><\/tr><tr><td><strong>Stundentarif<\/strong><\/td><td><strong> 6,00 \u20ac<\/strong> pro Nutzungsstunde<\/td><\/tr><tr><td><strong>Job-Tarif<\/strong><\/td><td><strong>2,50 \u20ac<\/strong> pro Nutzungsstunde + <strong>0,25 \u20ac<\/strong> pro gefahrene Kilometer<\/td><\/tr><tr><td><strong>Tagestarif<\/strong><br>(max. 24 Stunden ab Beginn der Buchung)<\/td><td><strong>50,00 \u20ac<\/strong> pro 24 Stunden<\/td><\/tr><\/tbody><\/table><\/figure>\n\n\n\n<p class=\"wp-block-paragraph\">Die Nutzer k\u00f6nnen zwischen dem Stundentarif und dem Job-Tarif w\u00e4hlen. Dazu teilt das Mitglied dem Verein LISA e.V. per Email den gew\u00e4hlten Tarif mit. Die Tarifwahl gilt f\u00fcr mindestens sechs Monate und kann danach ge\u00e4ndert werden.<\/p>\n\n\n\n<p class=\"wp-block-paragraph\">Die Tarife \u201eStundentarif\u201c, \u201eJob-Tarif&#8220; und \u201eTagestarif\u201c enthalten die Stromkosten bei Nutzung der LISA-Wallbox oder der fahrzeugspezifischen Ladekarte beim Laden an \u00f6ffentlichen Ladestationen. <\/p>\n\n\n\n<p class=\"wp-block-paragraph\">Beim \u201eStundentarif\u201c und \u201eTagestarif\u201c gelten 200 Freikilometer pro Buchung. Ab dem<strong> <\/strong>201. km f\u00e4llt ein <strong>Kilometer-Entgelt<\/strong> in H\u00f6he von 0,30 \u20ac pro km an.<\/p>\n\n\n\n<p class=\"wp-block-paragraph\"><\/p>\n\n\n\n<figure class=\"wp-block-table is-style-stripes\"><table class=\"has-fixed-layout\"><tbody><tr><td><strong>Wochenendtarif<\/strong><\/td><td><strong>100,00 \u20ac&nbsp;<\/strong>pro 48h&nbsp;<br>(im Zeitraum von:&nbsp;<br>Freitags 18:00 Uhr \u2013 Sonntags 24:00 Uhr)<\/td><\/tr><\/tbody><\/table><\/figure>\n\n\n\n<p class=\"wp-block-paragraph\">Beim \u201eWochenendtarif\u201c handelt es sich um einen Zeitraum von 48h der innerhalb von freitags 18:00 Uhr bis sonntags 24:00 Uhr liegen muss.&nbsp;<\/p>\n\n\n\n<p class=\"wp-block-paragraph\"><strong>Im \u201eWochenendtarif\u201c sind die&nbsp;Stromkosten&nbsp;f\u00fcr das Aufladen des Fahrzeugs an \u00f6ffentlichen Ladestationen&nbsp;durch den Nutzer zu tragen.<\/strong> Es kann die fahrzeugspezifische Ladekarte f\u00fcr Ladevorg\u00e4nge verwendet werden<s>.<\/s>&nbsp;Der Betrag f\u00fcr den Ladevorgang wird dem Nutzer nachtr\u00e4glich in Rechnung gestellt. Das Laden an der LISA-Wallbox ist im Preis des \u201eWochenendtarifs\u201c inklusive. Es gibt keine Kilometer-Beschr\u00e4nkung. Ein Kilometer-Entgelt f\u00e4llt nicht an.<\/p>\n\n\n\n<p class=\"wp-block-paragraph\">Der Tagestarif und der Wochenendtarif stehen unter den angegebenen Bedingungen beiden Nutzergruppen (nach Stundentarif bzw. Job-Tarif) zur Verf\u00fcgung.<\/p>\n\n\n\n<div class=\"wp-block-columns is-layout-flex wp-container-core-columns-is-layout-7387b849 wp-block-columns-is-layout-flex\">\n<div class=\"wp-block-column is-layout-flow wp-block-column-is-layout-flow\">\n<p class=\"wp-block-paragraph\">Weitere Informationen \u00fcber <strong><a href=\"https:\/\/www.lisaerneuerbareenergien.de\/?page_id=554\">Versicherung \/ Selbstbeteiligung<\/a><\/strong> und <strong><a href=\"https:\/\/www.lisaerneuerbareenergien.de\/?page_id=565\">Einzelentgelte<\/a><\/strong> finden Sie hier.<\/p>\n<\/div>\n<\/div>\n\n\n\n<p class=\"wp-block-paragraph\">Die Nutzung der Fahrzeuge ist den nutzungsberechtigten Mitgliedern des LISA Erneuerbare Energien e.V. und deren namentlich benannten Mitnutzern vorbehalten. Alle Nutzer erkennen mit der Nutzung des Fahrzeugs die Entgeltordnung an und verpflichten sich dazu, die jeweils zu entrichtenden Entgelte fristgerecht zu zahlen.<\/p>\n\n\n\n<p class=\"wp-block-paragraph\">Jeder Nutzer hat sich \u00fcber die neueste Fassung der Entgeltordnung selbstt\u00e4tig zu informieren. Die neueste Fassung der Entgeltordnung ist stets auf der Webseite www.LisaErneuerbareEnergien.de verf\u00fcgbar.<\/p>\n\n\n\n<p class=\"wp-block-paragraph\">________________________________________________________________________________________<br><sup>1 &nbsp;&nbsp;Entgelte werden monatlich per Lastschrift eingezogen.<\/sup><br><sup>2&nbsp;&nbsp; Gilt f\u00fcr vom Mitglied\/Nutzer selbst durchgef\u00fchrte Buchungen im Buchungsportal \u00fcber einen Webbrowser oder der Smartphone-App.<\/sup><\/p>\n\n\n\n<p class=\"wp-block-paragraph\"><\/p>\n\n\n\n<p class=\"wp-block-paragraph\"><\/p>\n","protected":false},"excerpt":{"rendered":"<p>V3.0 &#8211; Stand 05.03.2026 Nutzungsentgelte1&nbsp;&nbsp;2 Stundentarif 6,00 \u20ac pro Nutzungsstunde Job-Tarif 2,50 \u20ac pro Nutzungsstunde + 0,25 \u20ac pro gefahrene Kilometer Tagestarif(max. [&hellip;]<\/p>\n","protected":false},"author":3,"featured_media":0,"parent":0,"menu_order":0,"comment_status":"closed","ping_status":"closed","template":"page-templates\/page_fullwidth.php","meta":{"_crdt_document":"","footnotes":"[]"},"class_list":["post-338","page","type-page","status-publish","hentry"],"jetpack_sharing_enabled":true,"_links":{"self":[{"href":"https:\/\/www.lisaerneuerbareenergien.de\/index.php?rest_route=\/wp\/v2\/pages\/338","targetHints":{"allow":["GET"]}}],"collection":[{"href":"https:\/\/www.lisaerneuerbareenergien.de\/index.php?rest_route=\/wp\/v2\/pages"}],"about":[{"href":"https:\/\/www.lisaerneuerbareenergien.de\/index.php?rest_route=\/wp\/v2\/types\/page"}],"author":[{"embeddable":true,"href":"https:\/\/www.lisaerneuerbareenergien.de\/index.php?rest_route=\/wp\/v2\/users\/3"}],"replies":[{"embeddable":true,"href":"https:\/\/www.lisaerneuerbareenergien.de\/index.php?rest_route=%2Fwp%2Fv2%2Fcomments&post=338"}],"version-history":[{"count":62,"href":"https:\/\/www.lisaerneuerbareenergien.de\/index.php?rest_route=\/wp\/v2\/pages\/338\/revisions"}],"predecessor-version":[{"id":858,"href":"https:\/\/www.lisaerneuerbareenergien.de\/index.php?rest_route=\/wp\/v2\/pages\/338\/revisions\/858"}],"wp:attachment":[{"href":"https:\/\/www.lisaerneuerbareenergien.de\/index.php?rest_route=%2Fwp%2Fv2%2Fmedia&parent=338"}],"curies":[{"name":"wp","href":"https:\/\/api.w.org\/{rel}","templated":true}]}}

<p class="wp-block-paragraph">V3.0 &#8211; Stand 05.03.2026</p>



<p class="wp-block-paragraph"></p>



<figure class="wp-block-table is-style-stripes"><table><tbody><tr><td><strong>Nutzungsentgelte<sup><sup>1</sup>&nbsp;&nbsp;<sup>2</sup></sup></strong></td><td></td></tr><tr><td><strong>Stundentarif</strong></td><td><strong> 6,00 €</strong> pro Nutzungsstunde</td></tr><tr><td><strong>Job-Tarif</strong></td><td><strong>2,50 €</strong> pro Nutzungsstunde + <strong>0,25 €</strong> pro gefahrene Kilometer</td></tr><tr><td><strong>Tagestarif</strong><br>(max. 24 Stunden ab Beginn der Buchung)</td><td><strong>50,00 €</strong> pro 24 Stunden</td></tr></tbody></table></figure>



<p class="wp-block-paragraph">Die Nutzer können zwischen dem Stundentarif und dem Job-Tarif wählen. Dazu teilt das Mitglied dem Verein LISA e.V. per Email den gewählten Tarif mit. Die Tarifwahl gilt für mindestens sechs Monate und kann danach geändert werden.</p>



<p class="wp-block-paragraph">Die Tarife „Stundentarif“, „Job-Tarif&#8220; und „Tagestarif“ enthalten die Stromkosten bei Nutzung der LISA-Wallbox oder der fahrzeugspezifischen Ladekarte beim Laden an öffentlichen Ladestationen. </p>



<p class="wp-block-paragraph">Beim „Stundentarif“ und „Tagestarif“ gelten 200 Freikilometer pro Buchung. Ab dem<strong> </strong>201. km fällt ein <strong>Kilometer-Entgelt</strong> in Höhe von 0,30 € pro km an.</p>



<p class="wp-block-paragraph"></p>



<figure class="wp-block-table is-style-stripes"><table class="has-fixed-layout"><tbody><tr><td><strong>Wochenendtarif</strong></td><td><strong>100,00 €&nbsp;</strong>pro 48h&nbsp;<br>(im Zeitraum von:&nbsp;<br>Freitags 18:00 Uhr – Sonntags 24:00 Uhr)</td></tr></tbody></table></figure>



<p class="wp-block-paragraph">Beim „Wochenendtarif“ handelt es sich um einen Zeitraum von 48h der innerhalb von freitags 18:00 Uhr bis sonntags 24:00 Uhr liegen muss.&nbsp;</p>



<p class="wp-block-paragraph"><strong>Im „Wochenendtarif“ sind die&nbsp;Stromkosten&nbsp;für das Aufladen des Fahrzeugs an öffentlichen Ladestationen&nbsp;durch den Nutzer zu tragen.</strong> Es kann die fahrzeugspezifische Ladekarte für Ladevorgänge verwendet werden<s>.</s>&nbsp;Der Betrag für den Ladevorgang wird dem Nutzer nachträglich in Rechnung gestellt. Das Laden an der LISA-Wallbox ist im Preis des „Wochenendtarifs“ inklusive. Es gibt keine Kilometer-Beschränkung. Ein Kilometer-Entgelt fällt nicht an.</p>



<p class="wp-block-paragraph">Der Tagestarif und der Wochenendtarif stehen unter den angegebenen Bedingungen beiden Nutzergruppen (nach Stundentarif bzw. Job-Tarif) zur Verfügung.</p>



<div class="wp-block-columns is-layout-flex wp-container-core-columns-is-layout-7387b849 wp-block-columns-is-layout-flex">
<div class="wp-block-column is-layout-flow wp-block-column-is-layout-flow">
<p class="wp-block-paragraph">Weitere Informationen über <strong><a href="https://www.lisaerneuerbareenergien.de/?page_id=554">Versicherung / Selbstbeteiligung</a></strong> und <strong><a href="https://www.lisaerneuerbareenergien.de/?page_id=565">Einzelentgelte</a></strong> finden Sie hier.</p>
</div>
</div>



<p class="wp-block-paragraph">Die Nutzung der Fahrzeuge ist den nutzungsberechtigten Mitgliedern des LISA Erneuerbare Energien e.V. und deren namentlich benannten Mitnutzern vorbehalten. Alle Nutzer erkennen mit der Nutzung des Fahrzeugs die Entgeltordnung an und verpflichten sich dazu, die jeweils zu entrichtenden Entgelte fristgerecht zu zahlen.</p>



<p class="wp-block-paragraph">Jeder Nutzer hat sich über die neueste Fassung der Entgeltordnung selbsttätig zu informieren. Die neueste Fassung der Entgeltordnung ist stets auf der Webseite www.LisaErneuerbareEnergien.de verfügbar.</p>



<p class="wp-block-paragraph">________________________________________________________________________________________<br><sup>1 &nbsp;&nbsp;Entgelte werden monatlich per Lastschrift eingezogen.</sup><br><sup>2&nbsp;&nbsp; Gilt für vom Mitglied/Nutzer selbst durchgeführte Buchungen im Buchungsportal über einen Webbrowser oder der Smartphone-App.</sup></p>



<p class="wp-block-paragraph"></p>



<p class="wp-block-paragraph"></p>
